x(c) = -2 - 5*c**2 - 4*c + 3 - 1. Let b(t) = -3*h(t) + 2*x(t). What are the prime factors of b(-3)?
2, 3
Suppose 143 + 55 = 6*m. Let q = m + -3. What are the prime factors of q?
2, 3, 5
Let s(j) be the first derivative of j**3 + 3*j**2 - 4*j - 7. Let v be s(-3). Suppose 0*q + 12 = 4*q, 0 = -v*c - 2*q + 396. What are the prime factors of c?
2, 3, 13
Let d be 250/4*(-144)/(-20). Suppose 2*u + 4*u - d = 0. What are the prime factors of u?
3, 5
Let d(z) = z**3 + 28*z**2 - 2*z + 109. What are the prime factors of d(-15)?
2, 383
What are the prime factors of 27/6*-53*(-5 + -1)?
3, 53
Suppose 0 = -t - 2*h - h - 7, 4*t + 19 = -3*h. Let d be 4*(3 - (-7)/t). Suppose 2*f = -5*b + 172, -2*b + d*f = -33 - 59. List the prime factors of b.
2, 3
Let z = -22 - -137. Suppose 3*h = -s + 112, 3*h - z = 3*s - 19. Let n = h + 37. What are the prime factors of n?
73
Suppose 0 = 4*n - 4*u - 3760, -3*u = 5*n - 754 - 3938. List the prime factors of n.
3, 313
Suppose 3*z = -z + 12. Suppose -23 = r - z. Let y = -11 - r. What are the prime factors of y?
3
Let j(w) = 5*w - 27. Suppose -12*s + 17*s - 65 = 0. List the prime factors of j(s).
2, 19
Let y(j) = 5*j - 12. Let c be y(20). Let s = -10 + c. List the prime factors of s.
2, 3, 13
Let m(j) = 183*j - 565. What are the prime factors of m(31)?
2, 1277
Let a(b) = 7*b**2 - 3*b + 17. Let d(q) = -3*q**2 + 2*q - 8. Let p(n) = -2*a(n) - 5*d(n). Let y be (3/(-15) + 1)*10. List the prime factors of p(y).
2, 19
Let y(m) = -5*m + 42. Let f(q) = -2*q + 21. Let l(z) = 11*f(z) - 6*y(z). Let x = 1416 + -1409. What are the prime factors of l(x)?
5, 7
Suppose -v = -f - 3*f - 667, -5*f = 3*v + 838. Let t = 280 + f. What are the prime factors of t?
113
Let p be (-37)/3 + 3/9. Let y be 2 + (6/(-4))/((-2)/(-4)). Let u = y - p. What are the prime factors of u?
11
Let v(j) = j**2 - 22*j - 70. List the prime factors of v(-22).
2, 449
Suppose -18*w + 2176 = -w. What are the prime factors of w?
2
Suppose -4*n = -2*c + 7*c - 12, 0 = 5*c. Suppose 155 = 4*x - 2*x - 5*j, 2*j = -n*x + 280. List the prime factors of x.
2, 3, 5
Suppose 7 - 15 = -4*m. Let r be ((-26)/6)/(m/6). Let g(t) = -2*t + 8. List the prime factors of g(r).
2, 17
Let r = -26 + 18. Let z = r - -8. Suppose z = -t + 6 + 18. What are the prime factors of t?
2, 3
Let d(r) = 14*r - 11. Let s be d(8). Suppose 0 = -2*n - 3*z + s, z - 15 = 4*z. What are the prime factors of n?
2, 29
Suppose 6*o = -509 + 527. List the prime factors of o.
3
Let o be ((-24)/36)/((-2)/(-3)). Let q be 1*(o - -2)*67. Let i = 115 - q. What are the prime factors of i?
2, 3
Let m(k) = 2*k + 4. Let d(c) = -5*c - 12. Let q(t) = 3*d(t) + 8*m(t). Let x = -4 + 13. List the prime factors of q(x).
5
Suppose 42 + 15 = d. Suppose -l = t + 4*l - d, 4*t + 5*l = 243. List the prime factors of t.
2, 31
Suppose -j - 4*j = 3*x + 55, 4 = 4*j. List the prime factors of (-5392)/(-40) - -2*(-2)/x.
3, 5
Let t(p) be the first derivative of p**4/4 + p**3/3 - p**2 - 2*p + 5. Let l be t(-1). Suppose l = -3*h + 18 - 6. What are the prime factors of h?
2
Suppose -14 = -5*u + 66. Let x(l) = l**2 - 16*l + 31. What are the prime factors of x(u)?
31
Suppose 3*t = 2*u + 2812, -802 = -t - 4*u + 126. List the prime factors of t.
2, 3, 13
Let s(p) = 3*p**2 + 10*p + 7. Let r be (-33)/(-22) + (-15)/2. What are the prime factors of s(r)?
5, 11
Let d = 1077 - 725. What are the prime factors of d?
2, 11
What are the prime factors of (0 + -915)/((-9)/63*1)?
3, 5, 7, 61
Let k(i) = 26*i**2 + 19*i + 109. List the prime factors of k(-5).
2, 83
Suppose -34*t = -42*t + 3008. List the prime factors of t.
2, 47
Let y = -11 + 17. Let z be 24/16*280/y. Suppose 0*f - 30 = -3*j + 3*f, -5*j + f = -z. List the prime factors of j.
3, 5
Let o(y) = -y**2 + 24*y - 28. Suppose 0 = -9*j + 7*j + 34. List the prime factors of o(j).
7, 13
Let c(w) = 10*w**2 - 3*w. Let x be c(-4). Let t be (-2)/(-5) - x/(-20). Suppose t*n + 4*q = 4*n + 60, -3*q - 60 = -5*n. What are the prime factors of n?
2, 3
Let p = 19 + -14. Let u(v) = v. Let h be u(2). Suppose -r = p, -3*k - 5*r = -h*k - 12. List the prime factors of k.
37
Suppose -3*u = 6 - 51. Let z be (2 - -4) + -4 + (-2)/(-2). List the prime factors of u - (z + -4)*1.
2
Suppose 6 - 4 = 2*d + 2*u, 1 = 2*d + 3*u. Let i be (8/6)/((-18)/(-297)). Suppose -d*x + 2 = -i. List the prime factors of x.
2, 3
Let f(p) be the second derivative of 6*p + 5/6*p**3 + 3*p**2 + 0. What are the prime factors of f(8)?
2, 23
Suppose 2*d - 4*x - 586 = 0, d - 3*x = 6*d - 1426. What are the prime factors of d?
7, 41
Let s = 6283 + -3694. List the prime factors of s.
3, 863
Let k(c) = c**3 - 4*c**2 + 3*c + 2. Let q be k(3). Suppose 540 = -q*a + 5*a. Suppose 3*l + 9 = 0, 3*f + 0*l = -4*l + a. List the prime factors of f.
2
Let t = 1081 + -539. What are the prime factors of t?
2, 271
Suppose -4*a - 85 = -9*a - 4*l, 2*l = 2*a - 52. Let m = 67 - a. Suppose 0 = -5*y - 3*w + 88, m = 3*y - w - 4*w. List the prime factors of y.
17
Suppose -3 = -2*c - 1. Let q be -2*(-3 - (-1 - c)). List the prime factors of 24 + q/((-2)/1).
23
Suppose -7*p + 874 = -5*p. What are the prime factors of p?
19, 23
List the prime factors of ((-3829)/28)/(-4 + 62/16).
2, 547
Suppose 14*l = 19*l - 4600. What are the prime factors of l?
2, 5, 23
Let v be 0/(3 - 3 - (-1 - 3)). Suppose 59*b - 62*b + 183 = v. What are the prime factors of b?
61
Let g be 1/(3/24*4). Suppose -g*m - 2*m = -176. What are the prime factors of m?
2, 11
Suppose 3*z + 4*u = 980, -z = 4*z + 4*u - 1628. What are the prime factors of z?
2, 3
Let q(h) = -h**3 - 5*h**2 + 5*h - 4. Let t be q(-6). Let y be 155 - 4/(t - 1). Let v = y + -107. List the prime factors of v.
2, 11
Suppose 7*l + 657 = -2185. Let r = -266 - l. What are the prime factors of r?
2, 5, 7
Let c = -12 + 19. Let m(d) be the first derivative of d**3/3 - 5*d**2/2 - 10*d + 2. List the prime factors of m(c).
2
Let r(l) = l**2 + 6*l. Let p be r(-6). Suppose 5*f = -4*q + 232, p = 4*f + 2*q + q - 185. What are the prime factors of f?
2, 11
Let a(y) be the third derivative of 0 + 6*y**2 - 1/24*y**4 + 10/3*y**3 + 1/120*y**6 + 0*y - 1/60*y**5. List the prime factors of a(0).
2, 5
Let r = -22 + 26. Suppose 5*l + r*q = 646, -q = q - 8. What are the prime factors of l?
2, 3, 7
Let f(v) = -148*v + 6. Let k be f(-3). Suppose 0 = -10*w + 4*w + k. List the prime factors of w.
3, 5
Let v(h) = -3*h - 12. Let l be v(-8). Let g(i) = 4*i - 5. Let d be g(l). Suppose -r + f + d = 0, f + 158 = 4*r + 4*f. What are the prime factors of r?
41
Let i = 4 - 7. Suppose -l + 16 = 5*g, l - 3*g = -3 - 5. What are the prime factors of l - (-1)/(i/(-69))?
2, 3
Suppose 0 = 23*j - 21*j + 70. What are the prime factors of (j/(-14))/(2/32)?
2, 5
Suppose -w - 1 = 1. Let j be (-2 + 2)/(5 + w). Suppose j = -a - g - 11 + 30, -2*a + 2*g + 58 = 0. List the prime factors of a.
2, 3
Suppose 0 = 4*p - p - 18. Let d(n) = n**2 + 2*n + 2. List the prime factors of d(p).
2, 5
Let a(g) = -25*g + 1. Let z be a(-5). Suppose o - z = -2*p - 41, -2*p = 0. What are the prime factors of o?
5, 17
Let w(b) = 3 - 7 - 4*b - 9 + b**2. Let k(r) = r + 14. Let o be k(-5). What are the prime factors of w(o)?
2
Suppose 0 = t - 5*r + 8, -4*t + 2*t + 2*r - 32 = 0. Let o be (-6)/t - 14/(-3). List the prime factors of (o - -1)*(-46)/(-6).
2, 23
List the prime factors of ((-660)/3)/(1/(5/(-10))).
2, 5, 11
List the prime factors of ((-35)/(-21))/5*3615.
5, 241
Let y = -12 - -11. Let u be (-26 - (0 + -1))*y. What are the prime factors of (u - 2/1) + -1?
2, 11
Let k(p) = -13*p**3 + 11*p**2 + p + 5. List the prime factors of k(-3).
2, 113
Let q = -21 - -26. Suppose -2*l - 8 = -2*w, q*w + 4 = 2*l - l. Let u(n) = n**2 + 4*n + 3. List the prime factors of u(l).
3, 5
Suppose 0 = 2*n + 5*m - 71, -111 = -5*n - 3*m + 57. Suppose n = o + 11. List the prime factors of o.
2, 11
What are the prime factors of -2 + 1 - -8 - -1800?
13, 139
What are the prime factors of -2 + 0 - (-1206 + -14)?
2, 3, 7, 29
Let k = 45 + -31. Suppose k*o - 57 = 167. What are the prime factors of o?
2
Suppose -12*l + 9*l + 1365 = 0. List the prime factors of l.
5, 7, 13
List the prime factors of (-742)/(-1)*(-140)/(-245).
2, 53
Suppose 4*x = -3*z + 14645, 24416 = 5*z + 19*x - 20*x. What are the prime factors of z?
19, 257
Let j(w) = 13*w - 1. Let r(c) = -14*c + 2. Let l(v